on divisor of 1014 and 27460641?
507
Calculate the greatest common factor of 300 and 4945374.
6
Calculate the greatest common factor of 4050 and 1965033.
27
What is the highest common divisor of 4719 and 8577426?
429
What is the greatest common divisor of 8955 and 340605?
45
What is the highest common divisor of 3565 and 6152845?
115
What is the highest common factor of 1482 and 461586?
114
Calculate the highest common divisor of 440128 and 388700.
1196
Calculate the greatest common divisor of 342 and 1294173.
9
What is the greatest common factor of 35872 and 1696781?
59
What is the highest common factor of 111 and 36402?
3
What is the highest common factor of 51738496 and 256?
128
What is the greatest common divisor of 86786867 and 8399?
8399
What is the highest common factor of 2349707 and 6665?
31
Calculate the highest common divisor of 12843 and 513.
9
What is the highest common divisor of 1754770 and 91674?
926
Calculate the greatest common divisor of 266043 and 257.
1
Calculate the greatest common factor of 173630 and 55490.
1790
Calculate the highest common divisor of 192780 and 1530340.
2380
What is the highest common divisor of 150759157 and 16222?
8111
What is the highest common divisor of 558577937 and 778?
389
Calculate the highest common factor of 11316 and 72912760.
3772
What is the highest common divisor of 16354676 and 1469?
13
Calculate the greatest common divisor of 68 and 306728.
4
What is the highest common factor of 7062977 and 120697?
881
What is the highest common factor of 1672708 and 1?
1
What is the highest common divisor of 1432926660 and 2640?
660
Calculate the highest common factor of 2160 and 202035.
15
What is the highest common factor of 377 and 1355634?
29
What is the greatest common divisor of 6532 and 68692500?
284
Calculate the highest common factor of 4850280 and 150.
30
What is the greatest common divisor of 239760 and 420957?
81
Calculate the greatest common divisor of 2232 and 29409576.
744
Calculate the greatest common divisor of 176070 and 9630.
30
What is the highest common divisor of 3380 and 112892?
676
Calculate the greatest common divisor of 24771 and 62634371.
359
What is the highest common factor of 1458 and 447084?
18
What is the highest common divisor of 12255 and 207303?
129
Calculate the greatest common divisor of 1154396 and 29479.
41
What is the greatest common factor of 21687750 and 2261?
119
What is the greatest common divisor of 44 and 6499757?
11
What is the highest common divisor of 24325 and 133780550?
3475
What is the greatest common factor of 30347775 and 675?
225
Calculate the highest common divisor of 10684272 and 30176.
656
Calculate the highest common divisor of 166991 and 998393.
3553
What is the greatest common divisor of 9094296 and 72?
24
Calculate the highest common divisor of 24936 and 32535246.
6234
Calculate the highest common factor of 27000956 and 159.
53
What is the greatest common divisor of 58316 and 4997968?
956
What is the greatest common divisor of 37518634 and 145?
29
What is the greatest common divisor of 4116 and 10194303?
1029
What is the highest common divisor of 93267 and 2179845?
2169
What is the highest common divisor of 2861934 and 24?
6
What is the highest common divisor of 1469626379 and 5473?
5473
What is the greatest common factor of 249368 and 2138024?
4088
What is the greatest common factor of 1186805 and 45?
5
Calculate the greatest common divisor of 1582016 and 57152.
1216
What is the greatest common factor of 5967 and 3078309?
663
Calculate the highest common divisor of 26767572 and 1521.
507
What is the highest common divisor of 2113990 and 1130?
10
What is the greatest common factor of 8568 and 4911444?
36
Calculate the greatest common factor of 13645572 and 114.
114
What is the greatest common factor of 400 and 9366200?
200
What is the highest common factor of 1843 and 727016?
19
What is the highest common divisor of 12091035 and 406785?
8655
Calculate the highest common divisor of 188 and 4300276.
4
What is the highest common divisor of 115240 and 23951?
43
Calculate the greatest common divisor of 1675108 and 46.
2
What is the highest common factor of 1179267 and 2613?
201
What is the highest common factor of 121805945 and 8920?
1115
What is the highest common divisor of 153691500 and 60?
60
What is the greatest common divisor of 6981018 and 41154?
2166
Calculate the highest common factor of 1756 and 245983992.
1756
Calculate the greatest common divisor of 1276548014 and 14.
14
What is the highest common factor of 2289939 and 558?
93
What is the greatest common factor of 210258237 and 57?
57
Calculate the highest common factor of 19849764 and 660.
132
Calculate the highest common divisor of 4752 and 13642794.
198
Calculate the greatest common divisor of 65714580 and 128.
4
What is the greatest common factor of 821312 and 68224?
2624
Calculate the highest common divisor of 116 and 367062628.
116
Calculate the greatest common factor of 1825 and 5462882.
73
What is the highest common divisor of 1574 and 10777178?
1574
Calculate the highest common divisor of 126 and 6485868.
18
Calculate the greatest common divisor of 3240 and 4490235.
405
Calculate the highest common factor of 2395 and 44315.
5
Calculate the greatest common factor of 28052500 and 140.
140
What is the greatest common factor of 51257475 and 675?
675
What is the highest common factor of 717 and 244433187?
717
Calculate the highest common factor of 8145588 and 10028.
92
What is the highest common factor of 103722 and 53454?
354
Calculate the highest common divisor of 76469846 and 4276.
2138
What is the highest common divisor of 85089604 and 17673?
5891
What is the greatest common divisor of 1013360 and 53?
53
Calculate the highest common factor of 1746 and 2378828.
194
Calculate the greatest common divisor of 21141 and 143145.
9
Calculate the greatest common divisor of 4743792 and 408.
24
What is the highest common factor of 86 and 73251446?
86
What is the highest common factor of 346398 and 127062?
78
Calculate the greatest common divisor of 1073 and 2686237.
37
What is the highest common divisor of 1100 and 3954148?
44
What is the greatest common factor of 1532014 and 32?
2
What is the highest common factor of 11904 and 10531816?
248
What is the greatest common factor of 282705 and 647989?
47
Calculate the greatest common factor of 99 and 33820677.
99
Calculate the highest common divisor of 584449 and 190511.
3229
What is the greatest common factor of 38293 and 360580?
149
Calculate the highest common divisor of 143960 and 1670.
10
What is the highest common factor of 2162 and 416001?
23
Calculate the greatest common factor of 475100 and 470.
10
Calculate the highest common factor of 544420400 and 400.
400
What is the greatest common divisor of 258 and 921177?
3
Calculate the greatest common divisor of 3078 and 53904.
6
What is the greatest common factor of 6870 and 13077732?
1374
Calculate the greatest common divisor of 14412832 and 2068.
188
Calculate the highest common divisor of 71581 and 24581.
47
Calculate the highest common factor of 132 and 101586903.
33
Calculate the greatest common factor of 104 and 13828.
4
What is the highest common factor of 1792427 and 1183?
91
What is the highest common divisor of 35676 and 29214?
18
What is the greatest common divisor of 1842 and 26646?
6
Calculate the greatest common divisor of 21857399 and 3748.
937
Calculate the highest common factor of 580 and 1177942648.
116
What is the greatest common factor of 133720296 and 1928?
1928
Calculate the greatest common factor of 789375 and 480.
15
What is the highest common divisor of 1054014 and 689?
13
Calculate the greatest common factor of 376 and 19805048.
376
What is the highest common divisor of 16250 and 229879?
13
Calculate the highest common divisor of 339403829 and 4449.
1483
Calculate the greatest common divisor of 168758496 and 73957.
5689
What is the highest common divisor of 143985 and 3707505?
435
Calculate the greatest common divisor of 7 and 163224313.
7
Calculate the greatest common divisor of 647915029 and 703.
703
Calculate the highest common divisor of 1907361 and 3321.
1107
What is the greatest common factor of 1727830 and 2678?
26
Calculate the highest common factor